 + 1701. Suppose -y = g - 7*g. What is the units digit of g?
9
Let b be -2 - (-20)/(-8)*152. Let l = -180 - b. Suppose -5*t + 7*t = l. What is the units digit of t?
1
Let q(a) = 8*a + 43. Let n be q(-6). Let j be (-1)/(n/(-30)*2*-1). Suppose 0 = 5*t - j*m - 1051, t = -4*m + 66 + 135. What is the tens digit of t?
0
Let v be 5868/10*(-65)/(-26). Let i = 2056 - v. Suppose 3*k + 172 = i. What is the tens digit of k?
3
Let i(x) = 215*x**2 - x - 15. Let f be i(5). Suppose 11*k = 26*k - f. What is the hundreds digit of k?
3
Let k = -168 + 167. Let y(o) = 48*o**2 - o + 2. What is the units digit of y(k)?
1
Let n = -3427 + 3522. Let c(z) = -18*z - 5. Let g be c(-4). Let b = n + g. What is the units digit of b?
2
Let a = 687 - 399. What is the hundreds digit of a/(-360) + (-1489)/(-5)?
2
Let h be 2/(-12) - (-179130)/(-252). Let c = 226 - h. What is the tens digit of c?
3
Suppose 0 = 130*o - 125*o - 1455. Suppose -458 = -7*r + o. What is the hundreds digit of r?
1
Let p = -47 - -67. Let r be (-5 + 0)/p + (-798)/8. Let g = -42 - r. What is the tens digit of g?
5
Suppose -h + 243 = -2795. What is the thousands digit of h?
3
Let u be (0 + 1)/((-6)/408). Let x be (-5 - 205/(-25))*-35. Let b = u - x. What is the tens digit of b?
4
Suppose 2569140 = 303*o - 177*o. What is the units digit of o?
0
Let i(g) = -g**2 - 16*g + 7. Suppose -k + 5*k - 3*c + 53 = 0, -2*c + 54 = -4*k. Let b be i(k). Suppose -b = a - 2*a. What is the units digit of a?
5
Let r be 620/(-6)*2280/(-50). What is the tens digit of (r/186)/(2/33)?
1
Suppose -828*m + v - 46042 = -831*m, -5*m = 3*v - 76734. What is the units digit of m?
8
Suppose -3*a + 2*c + 120 = -3*c, -2*a + c + 87 = 0. Suppose a + 40 = 5*r + 2*o, 3*o = 15. What is the units digit of (-154)/(-6) + 5/r?
6
What is the ten thousands digit of -1 - -17840 - -1*(4 + 2)?
1
Let r = -65 + 67. Suppose -r*x + 2*j - 6*j = 260, 508 = -4*x + 4*j. Let m = x - -235. What is the hundreds digit of m?
1
Let p(o) be the second derivative of -9*o**3/2 - 45*o**2/2 + 2*o - 2. What is the hundreds digit of p(-6)?
1
Let l be ((-4)/6)/((-5)/((-300)/(-8))). Let o be l*((-24)/(-15))/(-2)*1. Let s(z) = 7*z**2 + 3. What is the hundreds digit of s(o)?
1
Let u(k) = -k**3 - 16*k**2 - 2*k - 31. Let i be u(-16). Let g(c) = -2*c + 15. What is the tens digit of g(i)?
1
Suppose -33*g - 41738 + 761348 = -1039389. What is the thousands digit of g?
3
Let w(h) = 1518*h + 13. Let l be w(2). Suppose 3*n + l = 7504. What is the thousands digit of n?
1
Let c(p) be the second derivative of 2*p + 1/20*p**5 - 5/12*p**4 + 3*p**2 + 0 + 1/6*p**3. What is the units digit of c(7)?
1
Let h(m) be the third derivative of m**4/6 - 31*m**3/6 - 2*m**2. Suppose -2789*o = -2779*o - 130. What is the units digit of h(o)?
1
Let l(c) = -110*c + 41. Let f(d) = 105*d - 41. Let q(x) = 7*f(x) + 6*l(x). What is the hundreds digit of q(18)?
3
Suppose 29*u + 7544 = 6*u. Let r = u - -1064. What is the tens digit of r?
3
Let m = -350 - -1573. What is the tens digit of m - (-21)/14*-2?
2
Suppose a - 5*g - 40969 = -12098, -a + 28843 = 2*g. What is the hundreds digit of a?
8
Let q(j) = -j**2 - 2*j + 596. Let d be q(0). Suppose -736 = -5*b - 4*z, 2*b + 2*b + 5*z = d. Let n = b + -103. What is the units digit of n?
1
Let c(j) = -j**2 - 12*j - 22. Let l be c(-10). What is the tens digit of (-4)/l*2/4*11?
1
Suppose 64728 + 116583 + 120813 = 17*x. What is the thousands digit of x?
7
Let i(r) = -2*r + 21. Let m be i(6). Suppose 5 = -2*t - 3, -b + m = -t. Suppose -4*x - b*a + 190 = -0*x, -a = -3*x + 152. What is the tens digit of x?
5
Let p(m) = 20*m**3 - 19*m**2 - 10*m + 5. What is the hundreds digit of p(7)?
8
Suppose -3*k + 2*q = -6, -2*k + 0*q + 3*q = -9. Suppose -3*j = -6*j + 4*n + 833, 2*j - n - 552 = k. What is the tens digit of j?
7
Suppose -116 - 264 = 2*b. Let u be -2 - 1/1 - (-78 - 237). Let v = b + u. What is the units digit of v?
2
Suppose -53 = -3*r + 2*t, 27 = r - 3*t - 0*t. What is the hundreds digit of 5742/r + (-3 - (-80)/25)?
3
Let h(t) = 3087*t**3 - 13*t**2 - 3*t + 15. What is the ten thousands digit of h(2)?
2
Let h be (0 - (-12)/(-2)) + (-37 - -37). Let u(l) = 14*l**2 + 2*l + 22. What is the hundreds digit of u(h)?
5
Let o = 7941 + -882. What is the hundreds digit of o?
0
Let t = 453 + 332. Suppose g + 3 = 0, 4*g + 1251 = 4*m - t. What is the tens digit of m?
0
Suppose 5*c - 220 = 25*c. Let o(d) = -d**3 - d**2 - d - 7. What is the hundreds digit of o(c)?
2
Let n be ((-432)/(-64))/((-2)/(-8)). Suppose 0 = -3*l + q - 16 + 47, 3*l = -3*q + n. Suppose -251 - 239 = -l*f. What is the tens digit of f?
4
Let m = -304 + 508. What is the hundreds digit of (5 + m)*2/1?
4
Let i be 26/351 - (-82022)/54. Let j = -646 + i. What is the tens digit of j?
7
What is the hundreds digit of (-783335)/(-50) - 3/(-10)?
6
Suppose 63 = 2*y + p, 6*p - 7*p = 3*y - 93. Suppose 4*q + 40 = 4*x, y = -4*q - q + x. What is the tens digit of (-6 - q)*1*(-17 + -2)?
1
Let u = 22305 - 9475. What is the tens digit of u?
3
Suppose 390243 = 9*m + 108967 - 324100. What is the units digit of m?
4
Let m = 594 - 592. What is the hundreds digit of m/24*-879*(1 + -21)?
4
Let w = -345 - -7107. What is the units digit of w?
2
What is the hundreds digit of ((-465)/(-30))/(-31) - (-238004)/8?
7
Let m(i) = -i**2 + 12*i - 9. Let y be m(11). Suppose 0 = -2*b + 4, y*t + b = 2 - 12. What is the tens digit of 80/1 - t/(-6)?
7
Let h be 3 - (2 + 3 + -5). Suppose -5*g + h*j - 7*j - 315 = 0, -5*g - 5*j - 310 = 0. Let n = 81 + g. What is the units digit of n?
4
Suppose -h - 4248 = 53*q - 54*q, 4*h = -3*q + 12730. What is the thousands digit of q?
4
What is the hundreds digit of (-5)/((-8834)/(-4418) - ((-72)/(-12) - 4))?
0
Let f(u) = -1205*u - 11007. What is the hundreds digit of f(-27)?
5
Let p(n) = 345*n**2 - 32*n - 9. What is the hundreds digit of p(-3)?
1
Let c(h) = 3*h**2 + h - 21. Let p(v) = -3*v**2 + 20. Let k be ((-84)/(-8))/(-7)*(-2 - -4). Let w(s) = k*p(s) - 2*c(s). What is the units digit of w(7)?
5
Suppose 4*w - 659 = 3037. Let u = w + -562. What is the hundreds digit of u?
3
Let y(x) = 319*x - 585. What is the hundreds digit of y(17)?
8
Let s(v) = -29*v - 49. Let y be s(-10). Let q = y - 74. What is the tens digit of q?
6
What is the hundreds digit of (-1486947)/(-105) + 6/(-15)?
1
Let l be 10/6*(-114)/95 - -68. Suppose 0*a = -2*a - 4*o, 2*a - 3 = -o. Suppose -a*z + 72 = 4*r, -5*z = 2*r + 2*r - l. What is the units digit of r?
9
Let q(b) = 2*b**3 - 6*b - 14. Let r(g) = -3*g**3 + 9*g + 21. Let p(d) = 8*q(d) + 5*r(d). Let y be p(0). What is the tens digit of (-457)/y + (-12)/42?
6
Let s = -76 + 86. Let l(d) = 4*d - 26. Let o be l(s). Suppose q + 4 = 5*x, -3*q = x - 3*x - o. What is the units digit of q?
6
Let t(b) = 4*b**2 + 59*b + 7. Let n be t(-14). Let x = n + 217. What is the tens digit of x?
8
Let a(d) be the second derivative of 17*d**5/10 - d**4/6 - d**3 + 13*d**2/2 + 41*d + 2. What is the units digit of a(3)?
5
Suppose -630 = -3*m - 2*m. Suppose 2*c - 4*y = m, 216 = 5*c + 4*y - 71. Suppose h - 6 = c. What is the tens digit of h?
6
Let v(i) = 8*i**3 - 59*i**2 + 15*i - 3. Let y be v(8). Let b = 1314 - y. What is the tens digit of b?
7
Let o = 54 + -52. Suppose 3*l + q = o*q - 278, 4*q + 283 = -3*l. Let m = l - -126. What is the tens digit of m?
3
Let p(j) = 6*j + 8. Let f be p(-5). Let t(o) = o + 25. Let n be t(f). Suppose 245 = n*w - 97. What is the tens digit of w?
1
Suppose -29*w + 179626 = -0*w. What is the thousands digit of w?
6
Let o(c) = -3 - 1 + 6*c - 5*c**3 - 17*c**2 + 6*c**3. Let v = 129 + -112. What is the tens digit of o(v)?
9
Suppose 3*q - 124125 = -3*p, 30*q = 26*q + 4*p + 165548. What is the hundreds digit of q?
3
Suppose 3*r + 7 = 4*u, 3*u - 3*r = 2 + 1. Suppose -u*y + k + 25 = 0, 4*y = -5*k - 1 - 4. Suppose -y*v + 2*v + 75 = 0. What is the units digit of v?
5
Suppose -13*x + 12*x + 1081 = -w, -2*x + 2141 = 5*w. Suppose -5*y = -5*b + 8*b - x, b - y = 354. What is the tens digit of b?
5
Let c(t) = 16*t**2 - 3*t - 4. Let d be c(-1). Suppose -630 = -u - 10*y + d*y, 0 = -3*u + y + 1876. What is the hundreds digit of u?
6
What is the thousands digit of (12/14)/(135/881370)?
5
Suppose 3*v + 3*f + 27 = v, -39 = 3*v + 4*f. Let j be (-9 - v)/(-2 - -3). Suppose -4*n + 6*n - 2 = j, -3*n = 5*t - 343. What is the units digit 